 38 = -2*f - 2*l, 2*f + 3*l + i = -2*f. Let o = -3 - f. List the prime factors of o.
11
Let o(n) = 87*n**2 - 2*n + 2. Let j be o(1). Let b = j - 40. What are the prime factors of b?
47
Let l(y) = 62*y + 12 - 21*y - 47*y + 10. Let t = -13 + 6. List the prime factors of l(t).
2
Suppose 610*y + 17532 = 622*y. What are the prime factors of y?
3, 487
Let m(v) = 2*v**2 + 10*v - 58. What are the prime factors of m(10)?
2, 11
What are the prime factors of (-2663)/(11/55*-5)?
2663
Suppose -25*q + 29*q - 5*g - 154 = 0, -215 = -5*q - 5*g. List the prime factors of q.
41
Let m(w) = w**3 - 6*w**2 - 5*w - 7. Let f be m(7). Suppose -f*z + 8*z = 225. Suppose 0 = 3*a + 4*p - 190, -3*a = 3*p + 36 - z. What are the prime factors of a?
2, 31
What are the prime factors of ((-2219)/21)/(6/(-90))?
5, 317
Let q = 18 - 3. Let p = q + -11. Suppose -s - 31 = -p*m + 55, 0 = 2*m - 5*s - 34. What are the prime factors of m?
2, 11
Let v = 5 - 2. Let p be (v - 2)*8/2. What are the prime factors of 97/p + (-3)/12?
2, 3
Suppose 0*k - k = 20. Let o be (k/(-8))/((-1)/24). Let t = -23 - o. List the prime factors of t.
37
Let z(k) = -3*k**3 + k + 1. Let i(d) = -6*d**3 + 2*d + 2. Let b(a) = -4*i(a) + 9*z(a). Let m be b(-1). Suppose 0 = -5*l + m*l + 36. List the prime factors of l.
2, 3
Let d(i) = 7*i**2 - 9*i + 12. Let r(q) = -3*q**2 + 4*q - 6. Let c be 2 - 14*4/8. Let p(k) = c*r(k) - 2*d(k). What are the prime factors of p(-6)?
2, 3
Let y(r) = 5*r**2 - 75*r + 20. What are the prime factors of y(24)?
2, 5, 11
Let q(f) = -14*f + 3. Let v(h) = -15*h + 3. Let c(u) = -6*q(u) + 5*v(u). Let p be c(4). Suppose p = 5*x - 2. List the prime factors of x.
7
Suppose 4715 = 5*a - 0*a - 5*s, 0 = -5*a - 3*s + 4739. Suppose -15*r + a = -1184. What are the prime factors of r?
2, 71
Let x(s) = s**2 - 6*s - 56. Let h be x(11). List the prime factors of h/1 - (-5 + -353)/2.
2, 89
Suppose 86*h - 91*h = -9155. List the prime factors of h.
1831
Let v = -8 - -23. Let z be (-17)/(-3) + 5/v. Let h(s) = 5*s - 1. What are the prime factors of h(z)?
29
Let d(v) = 44*v - 571. List the prime factors of d(15).
89
Let t = -16 - -19. Suppose -t*g + 12 = 3*f, 2*f - f + 16 = 4*g. Suppose g*o - 9*o + 215 = 0. List the prime factors of o.
43
Suppose -238*z = -232*z - 5466. List the prime factors of z.
911
Suppose -28*u + 25*u - 2*q = -166, 4*q = 8. What are the prime factors of u?
2, 3
Let r(a) = 6*a**3 + 3*a - 2. Let c be r(2). Suppose 2*w - c = 54. List the prime factors of w.
53
Suppose -d + 0 = 4. Let n(z) = z**2 + 3*z - 1. Let h be n(d). Suppose -v = -h - 7. List the prime factors of v.
2, 5
Let k be 2/8 + 1355/20. Let t(l) = -7*l**3 + 4*l**2 - 5*l + 5. Let q be t(2). Let o = q + k. What are the prime factors of o?
23
What are the prime factors of (-9980)/(-16) - (3 + (-26)/8)?
2, 3, 13
Suppose -55*i = -63*i + 33808. What are the prime factors of i?
2, 2113
Let p(l) = 32*l**3 - 3 + 0*l - 31*l**3 - 3*l + 6*l**2. List the prime factors of p(-3).
3, 11
Let x be (-12)/18 + (-16)/(-6). Let d be 19/4 + x/8. Suppose -6*c = -5*c - d. What are the prime factors of c?
5
List the prime factors of ((-11)/(-16))/(20/720)*156.
3, 11, 13
Let w = 22 + -20. Suppose -2*m - w*m = -44. What are the prime factors of m?
11
Suppose 3*p - 25*i - 2750 = -27*i, -3*i - 15 = 0. List the prime factors of p.
2, 5, 23
Let n(g) = -2*g**3 - 14*g**2 + g + 79. What are the prime factors of n(-8)?
199
Suppose 162*j - 8441 = -5*s + 165*j, 0 = 2*s + j - 3383. What are the prime factors of s?
2, 5, 13
Suppose 4*b - b - 42 = 0. Suppose -62 = -b*q + 13*q. What are the prime factors of q?
2, 31
Let z be (1 - -25) + 1 - 2. Let t = z - 9. What are the prime factors of t?
2
Suppose 252 = -10*m + 28*m. What are the prime factors of m?
2, 7
Let r(d) be the second derivative of -d**5/10 - 7*d**4/12 + 7*d**3/3 + d**2 - 32*d. What are the prime factors of r(-6)?
2, 7
Let d(r) = 29*r + 12. Let g be (18/(-5))/(8/(-10))*2. List the prime factors of d(g).
3, 7, 13
Suppose 0 = 4*v - 6 - 14. Let t(x) = 2*x + 17. Let n be t(-7). Suppose -v*j = -n*j - 84. List the prime factors of j.
2, 3, 7
Suppose 0 = 3*n - 3. Let j be (63 - n)/(1/(-2)). Let k = j + 184. What are the prime factors of k?
2, 3, 5
Suppose -35 + 115 = 5*p. Suppose 2 = m + 3*y - 7, -p = -4*m - 2*y. Suppose 2*b = -m*b + 45. List the prime factors of b.
3
Let j(c) = -42*c - 311. List the prime factors of j(-42).
1453
Suppose 273 = -2*a - 9. Let d = a + 293. What are the prime factors of d?
2, 19
Let u(g) = g**3 + 11*g**2 + 8*g - 12. Let i be u(-10). Suppose -i*f + 384 = -4*f. What are the prime factors of f?
2, 3
Suppose 0 = 12*y - 1682 - 42394. What are the prime factors of y?
3673
Suppose 3*o - v = -0*v + 676, 0 = -o + v + 226. Suppose q + o = 2*q. Suppose -t - 55 = -d, -d - 3*d + 5*t + q = 0. What are the prime factors of d?
2, 5
Let v(h) = h**3 + 4*h**2 + 5*h + 5. Let o be v(-2). Suppose 330 = 3*x - o. List the prime factors of x.
3, 37
Suppose 0 = -4*t - 3*o - 541, 2*t - 4*t = 3*o + 263. Let l = -73 - t. List the prime factors of l.
2, 3, 11
Suppose -429 = -5*b - 124. Suppose b = 5*c + 5*l - l, 0 = c - l - 14. List the prime factors of c.
13
Suppose -4742 = -3*a + 9250. List the prime factors of a.
2, 11, 53
Let b(q) = -33*q - 2. Let n be b(-2). Let w(k) = k**2 + k + 2. Let a be w(0). Suppose 5*c + 140 = 5*s, a*c = -s - 2*s + n. List the prime factors of s.
2, 3
Suppose 10*t = 27*t - 14229. List the prime factors of t.
3, 31
Let w be (1 - 1)/((0 - -2) + -4). Suppose 3*v = j - w*j - 34, 5*j - 157 = 2*v. List the prime factors of j.
31
Suppose 4*m + 10 = -3*u - 0, -3*m - 2 = 5*u. What are the prime factors of (u + (-15)/10)*46?
23
Suppose 2*x - 14*x = -84. Suppose x*y + 29 = 645. What are the prime factors of y?
2, 11
Suppose w - 4*h + 1 = 0, 2*w - 5 = 4*h + 5. List the prime factors of (-2 + (-1)/(-1))/(w/(-1749)).
3, 53
What are the prime factors of (134/(-4))/((-1)/38)?
19, 67
Let s = 71 - -39. Let k = s + -38. List the prime factors of k.
2, 3
Suppose -2137 = -2*t + 4*h + 2327, 5*h = 0. List the prime factors of t.
2, 3, 31
Let o = -760 + 2200. What are the prime factors of o?
2, 3, 5
Let c(s) = 134*s + 89. List the prime factors of c(8).
3, 43
Suppose 5*m + 325 = 3*c, -3 = 3*m + 3. Suppose 5*b - w = 477, 0*b - c = -b + 5*w. What are the prime factors of b?
5, 19
Let b be 4 + -94 + 1 - -3. List the prime factors of 2 - 1 - (b - (-5 + 13)).
5, 19
Let c = 0 - 4. Let v(t) = 31*t**3 + 0 + 5*t - 2 - 32*t**3. What are the prime factors of v(c)?
2, 3, 7
Let m(a) = a**3 - 9*a**2 + 7*a + 16. Let k be m(8). Suppose 1001 = k*v - 319. List the prime factors of v.
3, 5, 11
Let c = -36 + 32. List the prime factors of (15/12 - 2)*c.
3
Let s = -355 + 488. What are the prime factors of s?
7, 19
Let j(v) = 225*v**2 - 25*v - 45. List the prime factors of j(-2).
5, 181
Let v(q) = 92*q**2 - q - 1. Let c be v(-1). Let g = -40 + c. List the prime factors of g.
2, 13
Let t = 18 + -12. Suppose 8 = t*c - 2*c. What are the prime factors of c?
2
Suppose -7*a - 5676 + 22427 = 0. What are the prime factors of a?
2393
Suppose 2*q - 8 - 6 = 0. Suppose -100 + q = -3*p. List the prime factors of p.
31
Let v be 220/4 - (-2 + 2). Let j = -41 + 17. Let x = v + j. List the prime factors of x.
31
Suppose 3*k - 9*k + 96 = 0. What are the prime factors of 52/k + (-3)/(-4)?
2
Let a(i) = -7*i**2 + 3*i**2 + 4*i**2 - 5*i**2 - 7*i - 1 + i**3. Let q be a(6). Let g(o) = -3*o. What are the prime factors of g(q)?
3, 7
Let n(o) = o**3 - 3*o + 344. List the prime factors of n(0).
2, 43
Let q(b) = 2*b**2 - 7*b - 5. Let o(k) = k + 14. Let x be o(-8). List the prime factors of q(x).
5
Suppose -5*p = -5*w - 15, -5*p + 4*w + 8 = 6*w. What are the prime factors of (-316)/(-10) - p/(-5)?
2
Let a be (-100)/(-15)*12/(-10). Let n(z) be the third derivative of z**6/120 + 2*z**5/15 + 7*z**3/3 - 3*z**2. List the prime factors of n(a).
2, 7
Let w(y) = y + 18. Let u be w(-16). Suppose i = u*i - 2. Suppose i*a = 1 + 75. What are the prime factors of a?
2, 19
Suppose -7*o = -3*o + 12. Let v(g) = 10*g**2 - 8*g - 4. List the prime factors of v(o).
2, 5, 11
Let y = 24 - -14. Suppose -2 = -3*p - y. Let v = 21 + p. What are the prime factors of v?
3
Let n(t) = -22*t - 10. Let r be n(17). Let p = r + 640. List the prime factors of p.
2
Suppose 2*m + 311 = 2*q - q, 0 = -2